actor of 560?
False
Is 266 a multiple of 36?
False
Is 263 a multiple of 10?
False
Is 100 a multiple of 9?
False
Is 13 a factor of 6708?
True
Is 192 a multiple of 3?
True
Does 48 divide 108048?
True
Is 6 a factor of 3684?
True
Does 7 divide 5600?
True
Is 9 a factor of 315?
True
Is 5 a factor of 899?
False
Is 31 a factor of 1240?
True
Is 12 a factor of 624?
True
Does 47 divide 11844?
True
Is 13 a factor of 97604?
True
Does 5 divide 15621?
False
Is 118140 a multiple of 132?
True
Does 7 divide 383?
False
Does 6 divide 2270?
False
Does 6 divide 3925?
False
Does 27 divide 162?
True
Is 6 a factor of 4352?
False
Is 8007 a multiple of 51?
True
Is 2146 a multiple of 58?
True
Is 100 a multiple of 20?
True
Is 2 a factor of 775?
False
Is 187 a multiple of 17?
True
Is 1043 a multiple of 36?
False
Is 1632 a multiple of 16?
True
Is 1658 a multiple of 13?
False
Is 16830 a multiple of 45?
True
Is 8 a factor of 840?
True
Is 2070 a multiple of 11?
False
Is 10 a factor of 727?
False
Does 20 divide 40?
True
Is 75 a factor of 49310?
False
Is 8 a factor of 613?
False
Is 16 a factor of 44576?
True
Is 14 a factor of 364?
True
Is 1192 a multiple of 34?
False
Does 20 divide 1359?
False
Does 83 divide 528?
False
Does 4 divide 5500?
True
Is 3248 a multiple of 28?
True
Is 11 a factor of 32562?
False
Is 12 a factor of 33504?
True
Is 8649 a multiple of 27?
False
Is 18 a factor of 211?
False
Does 64 divide 16320?
True
Does 93 divide 3269?
False
Is 59 a factor of 1881?
False
Is 21 a factor of 1817?
False
Is 12626 a multiple of 46?
False
Is 9 a factor of 122?
False
Is 43328 a multiple of 28?
False
Is 325 a multiple of 25?
True
Is 1156 a multiple of 11?
False
Does 20 divide 308?
False
Is 20864 a multiple of 8?
True
Is 45 a factor of 12448?
False
Is 162 a factor of 33851?
False
Is 12 a factor of 3292?
False
Is 3132 a multiple of 18?
True
Is 6 a factor of 183?
False
Is 21 a factor of 1848?
True
Is 8 a factor of 481?
False
Is 789 a multiple of 37?
False
Is 138 a factor of 22520?
False
Is 15132 a multiple of 12?
True
Is 9854 a multiple of 26?
True
Does 23 divide 20393?
False
Does 2 divide 18?
True
Is 35 a factor of 35860?
False
Is 141 a factor of 37208?
False
Is 27 a factor of 324?
True
Does 57 divide 75753?
True
Does 227 divide 83569?
False
Does 35 divide 65730?
True
Is 35 a factor of 33075?
True
Is 153 a factor of 960?
False
Is 114 a factor of 37571?
False
Does 29 divide 112056?
True
Does 144 divide 97590?
False
Is 6 a factor of 2388?
True
Does 17 divide 112?
False
Does 116 divide 140342?
False
Is 9135 a multiple of 5?
True
Is 151 a factor of 119290?
True
Is 17 a factor of 54?
False
Does 9 divide 288?
True
Is 12 a factor of 31590?
False
Does 8 divide 24?
True
Does 67 divide 14529?
False
Is 32 a factor of 4992?
True
Does 27 divide 1134?
True
Does 6 divide 180?
True
Is 23 a factor of 5291?
False
Is 3 a factor of 1488?
True
Is 559 a multiple of 15?
False
Is 13 a factor of 1095?
False
Is 14012 a multiple of 31?
True
Is 3211 a multiple of 39?
False
Does 224 divide 8553?
False
Is 50628 a multiple of 130?
False
Is 5 a factor of 810?
True
Is 97 a factor of 388?
True
Is 204 a multiple of 34?
True
Is 3163 a multiple of 10?
False
Is 25 a factor of 1559?
False
Is 87083 a multiple of 20?
False
Is 3 a factor of 18?
True
Is 11968 a multiple of 8?
True
Does 11 divide 156?
False
Is 14 a factor of 3485?
False
Is 144 a factor of 10966?
False
Is 66 a factor of 6246?
False
Does 16 divide 176?
True
Does 31 divide 7130?
True
Is 156 a multiple of 4?
True
Is 12 a factor of 799?
False
Is 42 a factor of 19848?
False
Does 17 divide 6206?
False
Is 8 a factor of 2656?
True
Is 205 a factor of 21947?
False
Is 45 a factor of 106560?
True
Is 37 a factor of 29785?
True
Does 14 divide 10616?
False
Is 92568 a multiple of 14?
True
Is 24 a factor of 432?
True
Is 1558 a multiple of 38?
True
Does 66 divide 36332?
False
Is 4027 a multiple of 194?
False
Is 4820 a multiple of 4?
True
Is 35573 a multiple of 56?
False
Is 198 a multiple of 6?
True
Does 3 divide 111?
True
Does 10 divide 2760?
True
Is 276 a multiple of 12?
True
Does 13 divide 7395?
False
Is 24 a factor of 26751?
False
Is 4 a factor of 31905?
False
Does 27 divide 5312?
False
Is 4 a factor of 124?
True
Does 32 divide 2420?
False
Is 4 a factor of 418?
False
Does 43 divide 603?
False
Is 11592 a multiple of 69?
True
Is 62 a factor of 138448?
False
Is 99 a factor of 2714?
False
Is 24 a factor of 247?
False
Does 15 divide 788?
False
Does 100 divide 14977?
False
Does 6 divide 1751?
False
Does 6 divide 648?
True
Does 58 divide 174?
True
Does 32 divide 32?
True
Is 48 a factor of 1097?
False
Does 104 divide 27248?
True
Does 154 divide 46662?
True
Does 43 divide 8198?
False
Is 71370 a multiple of 26?
True
Is 20 a factor of 861?
False
Is 228 a factor of 42911?
False
Is 76245 a multiple of 299?
True
Is 5 a factor of 171?
False
Is 98 a factor of 2352?
True
Does 40 divide 3669?
False
Is 630 a multiple of 70?
True
Is 7406 a multiple of 14?
True
Is 80 a factor of 17562?
False
Is 12506 a multiple of 13?
True
Does 10 divide 1080?
True
Is 26 a factor of 22211?
False
Does 57 divide 1646?
False
Does 7 divide 700?
True
Is 2265 a multiple of 15?
True
Is 446 a multiple of 23?
False
Is 78 a factor of 13066?
False
Is 21 a factor of 15456?
True
Does 27 divide 2646?
True
Does 2 divide 1143?
False
Is 22 a factor of 2486?
True
Is 40 a factor of 520?
True
Does 4 divide 80?
True
Is 6 a factor of 438?
True
Does 3 divide 453?
True
Is 26 a factor of 29?
False
Is 35788 a multiple of 23?
True
Does 56 divide 418?
False
Is 175 a multiple of 4?
False
Is 28532 a multiple of 3?
False
Does 12 divide 78?
False
Does 3 divide 1941?
True
Is 189 a multiple of 21?
True
Does 79 divide 1066?
False
Is 21174 a multiple of 37?
False
Is 1146 a multiple of 35?
False
Is 14 a factor of 65962?
False
Is 60 a factor of 968?
False
Is 21 a factor of 1209?
False
Is 21200 a multiple of 200?
True
Is 26647 a multiple of 98?
False
Is 88 a factor of 21560?
True
Does 11 divide 3204?
False
Is 27 a factor of 108?
True
Is 1821 a multiple of 15?
False
Does 69 divide 2764?
False
Does 13 divide 16289?
True
Is 34 a factor of 662?
False
Does 21 divide 8442?
True
Is 16 a factor of 44124?
False
Does 10 divide 287?
False
Is 4990 a multiple of 16?
False
Is 2298 a multiple of 52?
False
Does 19 divide 1308?
False
Does 11 divide 382?
False
Does 210 divide 852?
False
Does 311 divide 25414?
False
Does 39 divide 85503?
False
Does 73 divide 703?
False
Does 62 divide 20782?
False
Does 17 divide 663?
True
Does 73 divide 3866?
False
Does 9 divide 54?
True
Does 6 divide 3243?
False
Is 86 a multiple of 43?
True
Is 3294 a multiple of 122?
True
Is 9069 a multiple of 39?
False
Is 17 a factor of 25959?
True
Is 1736 a multiple of 62?
True
Is 59 a factor of 3681?
False
Does 12 divide 706?
False
Is 8 a factor of 10656?
True
Is 11340 a multiple of 14?
True
Is 47 a multiple of 10?
False
Is 14 a factor of 712?
False
Does 30 divide 4739?
False
Is 44 a multiple of 4?
True
Is 379 a multiple of 4?
False
Is 18 a factor of 9468?
True
Does 34 divide 14178?
True
Is 20556 a multiple of 73?
False
Is 2954 a multiple of 15?
False
Does 21 divide 315?
True
Is 1755 a multiple of 9?
True
Is 291 a factor of 38703?
True
Is 110 a factor of 3483?
False
Does 29 divide 5510?
True
Does 15 divide 44115?
True
Is 8189 a multiple of 191?
False
Does 57 divide 1555?
False
Is 3263 a multiple of 13?
True
Is 3892 a multiple of 14?
True
Is 5 a factor of 1478?
False
Is 216 a multiple of 9?
True
Is 17 a factor of 2169?
False
Is 7367 a multiple of 53?
True
Does 21 divide 567?
True
Is 27 a factor of 621?
True
Is 72168 a multiple of 16?
False
Does 42 divide 3192?
True
Does 8 divide 240?
True
Is 32 a factor of 800?
True
Is 53 a factor of 212?
True
Is 47 a factor of 423?
True
Is 8 a factor of 387?
False
Is 4455 a multiple of 3?
True
Is 20144 a multiple of 8?
True
Is 15 a factor of 1920?
True
Is 11645 a multiple of 137?
True
Is 21 a multiple of 3?
True
Does 83 divide 913?
True
Does 4 divide 229?
False
Does 23 divide 7590?
True
Is 219 a factor of 4372?
False
Is 602 a multiple of 23?
False
Does 111 divide 32856?
True
Is 11 a factor of 4841?
False
Is 9 a factor of 105?
False
Is 2457 a multiple of 3?
True
Is 49392 a multiple of 144?
True
Does 60 divide 10760?
False
Is 25 a factor of 23275?
True
Is 38243 a 